ds digit of 9226303?
3
What is the ten thousands digit of 237633?
3
What is the ten thousands digit of 1742925?
4
What is the tens digit of 10661917?
1
What is the hundreds digit of 48089?
0
What is the millions digit of 1895811?
1
What is the ten thousands digit of 11754656?
5
What is the hundreds digit of 54142?
1
What is the hundreds digit of 2787368?
3
What is the millions digit of 17297124?
7
What is the units digit of 29609?
9
What is the tens digit of 6076301?
0
What is the hundred thousands digit of 2501790?
5
What is the ten thousands digit of 426984?
2
What is the hundred thousands digit of 7984512?
9
What is the thousands digit of 5038497?
8
What is the tens digit of 196601?
0
What is the hundreds digit of 8830502?
5
What is the ten thousands digit of 153312?
5
What is the millions digit of 6712087?
6
What is the hundreds digit of 810123?
1
What is the units digit of 1710300?
0
What is the tens digit of 563695?
9
What is the tens digit of 195705?
0
What is the ten thousands digit of 3573977?
7
What is the hundreds digit of 654730?
7
What is the thousands digit of 22842884?
2
What is the hundreds digit of 120745?
7
What is the units digit of 476822?
2
What is the tens digit of 72243?
4
What is the units digit of 341588?
8
What is the tens digit of 255639?
3
What is the units digit of 507666?
6
What is the thousands digit of 6367461?
7
What is the thousands digit of 10827893?
7
What is the tens digit of 2028513?
1
What is the units digit of 75596?
6
What is the tens digit of 755175?
7
What is the units digit of 696174?
4
What is the thousands digit of 1153364?
3
What is the units digit of 601188?
8
What is the thousands digit of 53383?
3
What is the ten thousands digit of 1749112?
4
What is the units digit of 3851361?
1
What is the hundreds digit of 87030?
0
What is the tens digit of 21194474?
7
What is the ten thousands digit of 740301?
4
What is the millions digit of 13626355?
3
What is the hundreds digit of 953860?
8
What is the ten thousands digit of 31754?
3
What is the tens digit of 370225?
2
What is the thousands digit of 1471690?
1
What is the ten thousands digit of 1615489?
1
What is the hundreds digit of 204416?
4
What is the thousands digit of 224709?
4
What is the hundred thousands digit of 4889800?
8
What is the hundred thousands digit of 20868718?
8
What is the thousands digit of 267595?
7
What is the thousands digit of 2267337?
7
What is the units digit of 11602508?
8
What is the hundreds digit of 1712163?
1
What is the thousands digit of 759450?
9
What is the tens digit of 80581?
8
What is the hundreds digit of 349179?
1
What is the thousands digit of 6261698?
1
What is the ten thousands digit of 173406?
7
What is the tens digit of 2423947?
4
What is the thousands digit of 1098644?
8
What is the hundreds digit of 1694204?
2
What is the hundreds digit of 3057827?
8
What is the hundred thousands digit of 881212?
8
What is the ten thousands digit of 387451?
8
What is the hundreds digit of 23816848?
8
What is the hundred thousands digit of 926397?
9
What is the ten thousands digit of 1837883?
3
What is the ten thousands digit of 243258?
4
What is the hundreds digit of 958554?
5
What is the tens digit of 184617?
1
What is the tens digit of 1058434?
3
What is the units digit of 65950?
0
What is the units digit of 21124267?
7
What is the units digit of 134368?
8
What is the hundred thousands digit of 1815423?
8
What is the units digit of 84175?
5
What is the units digit of 302396?
6
What is the thousands digit of 1672201?
2
What is the hundred thousands digit of 5242283?
2
What is the units digit of 583374?
4
What is the hundreds digit of 333722?
7
What is the ten thousands digit of 1721735?
2
What is the hundreds digit of 230643?
6
What is the hundred thousands digit of 1140821?
1
What is the thousands digit of 1834946?
4
What is the units digit of 13705030?
0
What is the millions digit of 7971025?
7
What is the units digit of 18926?
6
What is the hundred thousands digit of 4545620?
5
What is the tens digit of 33215805?
0
What is the units digit of 122661?
1
What is the hundreds digit of 1197955?
9
What is the hundred thousands digit of 23490047?
4
What is the tens digit of 5835392?
9
What is the thousands digit of 17894976?
4
What is the ten thousands digit of 27835538?
3
What is the hundreds digit of 2340107?
1
What is the hundreds digit of 6947877?
8
What is the units digit of 174085?
5
What is the ten thousands digit of 252678?
5
What is the ten thousands digit of 3691027?
9
What is the tens digit of 214938?
3
What is the hundreds digit of 11616663?
6
What is the units digit of 6358709?
9
What is the ten thousands digit of 13972949?
7
What is the thousands digit of 393391?
3
What is the units digit of 9529584?
4
What is the thousands digit of 286754?
6
What is the hundreds digit of 463914?
9
What is the hundred thousands digit of 168075?
1
What is the tens digit of 1565162?
6
What is the thousands digit of 245754?
5
What is the ten millions digit of 14280591?
1
What is the ten thousands digit of 2644112?
4
What is the thousands digit of 348419?
8
What is the tens digit of 75270?
7
What is the hundreds digit of 3029508?
5
What is the tens digit of 9863572?
7
What is the hundreds digit of 272597?
5
What is the hundred thousands digit of 7198938?
1
What is the millions digit of 3093054?
3
What is the units digit of 3364284?
4
What is the tens digit of 6754886?
8
What is the hundred thousands digit of 217903?
2
What is the hundreds digit of 2632211?
2
What is the hundred thousands digit of 389667?
3
What is the thousands digit of 2582230?
2
What is the hundreds digit of 125310?
3
What is the units digit of 12838553?
3
What is the thousands digit of 9188319?
8
What is the tens digit of 4375278?
7
What is the hundred thousands digit of 538481?
5
What is the millions digit of 3442548?
3
What is the units digit of 286961?
1
What is the units digit of 7247384?
4
What is the tens digit of 187047?
4
What is the hundreds digit of 151016?
0
What is the hundreds digit of 2973384?
3
What is the units digit of 5287636?
6
What is the hundreds digit of 3078393?
3
What is the thousands digit of 326124?
6
What is the tens digit of 695380?
8
What is the hundred thousands digit of 411555?
4
What is the ten thousands digit of 992537?
9
What is the ten thousands digit of 7248187?
4
What is the units digit of 2591936?
6
What is the hundred thousands digit of 11337863?
3
What is the hundred thousands digit of 3983256?
9
What is the millions digit of 2699220?
2
What is the tens digit of 6552487?
8
What is the tens digit of 85912?
1
What is the hundreds digit of 815707?
7
What is the hundreds digit of 4627381?
3
What is the thousands digit of 1148186?
8
What is the hundred thousands digit of 4203467?
2
What is the hundred thousands digit of 245191?
2
What is the ten thousands digit of 92261?
9
What is the millions digit of 1577336?
1
What is the ten thousands digit of 128657?
2
What is the hundreds digit of 405259?
2
What is the units digit of 5578003?
3
What is the units digit of 596427?
7
What is the tens digit of 3115961?
6
What is the ten thousands digit of 1047885?
4
What is the units digit of 508695?
5
What is the thousands digit of 227798?
7
What is the tens digit of 4876729?
2
What is the hundreds digit of 474084?
0
What is the ten thousands digit of 2766451?
6
What is the units digit of 403233?
3
What is the ten millions digit of 13323852?
1
What is the thousands digit of 243205?
3
What is the hundreds digit of 2769089?
0
What is the hundred thousands digit of 971723?
9
What is the ten thousands digit of 87173?
8
What is the hundreds digit of 13871759?
7
What is the hundreds digit of 332494?
4
What is the millions digit of 2022381?
2
What is the hundreds digit of 6787166?
1
What is the thousands digit of 221754?
1
What is the tens digit of 16656796?
9
What is the hundred thousands digit of 6492336?
4
What is the hundreds digit of 184040?
0
What is the units digit of 1399089?
9
What is the tens digit of 17442?
4
What is the thousands digit of 359560?
9
What is the hundred thousands digit of 302339?
3
What is the hundred thousands digit of 544818?
5
What is the tens digit of 4334634?
3
What is the millions digit of 3166040?
3
What is th